{"id":894,"date":"2025-11-05T07:16:44","date_gmt":"2025-11-05T07:16:44","guid":{"rendered":"https:\/\/stormwave.co.za\/?post_type=product&#038;p=894"},"modified":"2026-03-31T12:51:06","modified_gmt":"2026-03-31T12:51:06","slug":"remy-martin-vs-cognac-750ml","status":"publish","type":"product","link":"https:\/\/stormwave.co.za\/index.php\/product\/remy-martin-vs-cognac-750ml\/","title":{"rendered":"REMY MARTIN VS Cognac (750ml)"},"content":{"rendered":"<p>R\u00e9my Martin V.S Sup\u00e9rieur is a unique cognac created especially for the South African market. It carries the signature elegance of R\u00e9my Martin while offering a distinct style of its own. Matured for a minimum of three years in oak casks, it delivers a smooth, lingering finish with layers of oak, toasted notes, creamy vanilla, warm spice, juicy nectarine, ripe peach, and a touch of liquorice. Distillation on the lees enhances its aromatic depth, giving it a silkier mouthfeel and extended finish. In the glass, it shows a warm copper hue with vibrant ruby highlights and sits at 40% ABV. Perfectly versatile, it can be enjoyed neat, over ice, or mixed with Appletiser, lemonade, or pineapple juice.<\/p>\n","protected":false},"excerpt":{"rendered":"<div class=\"product-short-description\">\n<p>In 1927, Andr\u00e9 Renaud created the very first VSOP Fine Champagne Cognac. R\u00e9my Martin VSOP embodies the perfect harmony of powerful and elegant aromas. It is the symbol of the Cellar Master\u2019s art of blending. R\u00e9my Martin VSOP is extremely versatile, so you may enjoy it neat, on the rocks,or in cocktails. We recommend drinking R\u00e9my Martin VSOP with ginger ale.<\/p>\n<\/div>\n<form class=\"cart\" action=\"https:\/\/sollykramersparkhurst.co.za\/product\/jameson-select-reserve-irish-whiskey-750ml-2\/\" enctype=\"multipart\/form-data\" method=\"post\">\n<div class=\"ux-quantity quantity buttons_added\"><\/div>\n<\/form>\n","protected":false},"featured_media":895,"comment_status":"closed","ping_status":"closed","template":"","meta":{"_et_pb_use_builder":"","_et_pb_old_content":"","_et_gb_content_width":"","om_disable_all_campaigns":false,"_monsterinsights_skip_tracking":false,"_monsterinsights_sitenote_active":false,"_monsterinsights_sitenote_note":"","_monsterinsights_sitenote_category":0},"product_brand":[],"product_cat":[25],"product_tag":[],"class_list":{"0":"post-894","1":"product","2":"type-product","3":"status-publish","4":"has-post-thumbnail","6":"product_cat-cognac","8":"first","9":"instock","10":"shipping-taxable","11":"purchasable","12":"product-type-simple"},"aioseo_notices":[],"_links":{"self":[{"href":"https:\/\/stormwave.co.za\/index.php\/wp-json\/wp\/v2\/product\/894","targetHints":{"allow":["GET"]}}],"collection":[{"href":"https:\/\/stormwave.co.za\/index.php\/wp-json\/wp\/v2\/product"}],"about":[{"href":"https:\/\/stormwave.co.za\/index.php\/wp-json\/wp\/v2\/types\/product"}],"replies":[{"embeddable":true,"href":"https:\/\/stormwave.co.za\/index.php\/wp-json\/wp\/v2\/comments?post=894"}],"wp:featuredmedia":[{"embeddable":true,"href":"https:\/\/stormwave.co.za\/index.php\/wp-json\/wp\/v2\/media\/895"}],"wp:attachment":[{"href":"https:\/\/stormwave.co.za\/index.php\/wp-json\/wp\/v2\/media?parent=894"}],"wp:term":[{"taxonomy":"product_brand","embeddable":true,"href":"https:\/\/stormwave.co.za\/index.php\/wp-json\/wp\/v2\/product_brand?post=894"},{"taxonomy":"product_cat","embeddable":true,"href":"https:\/\/stormwave.co.za\/index.php\/wp-json\/wp\/v2\/product_cat?post=894"},{"taxonomy":"product_tag","embeddable":true,"href":"https:\/\/stormwave.co.za\/index.php\/wp-json\/wp\/v2\/product_tag?post=894"}],"curies":[{"name":"wp","href":"https:\/\/api.w.org\/{rel}","templated":true}]}}